ands digit of 2056672633?
7
What is the ten millions digit of 231706070?
3
What is the ten thousands digit of 607057311?
5
What is the ten millions digit of 66131749?
6
What is the units digit of 1246677860?
0
What is the millions digit of 2316308?
2
What is the thousands digit of 850414840?
4
What is the ten thousands digit of 85432558?
3
What is the tens digit of 7955195068?
6
What is the hundred thousands digit of 3806911002?
9
What is the ten millions digit of 60512403?
6
What is the ten millions digit of 1097128576?
9
What is the units digit of 1502182251?
1
What is the thousands digit of 119113060?
3
What is the hundreds digit of 1541590177?
1
What is the millions digit of 3195141360?
5
What is the tens digit of 7257207654?
5
What is the hundreds digit of 135214993?
9
What is the ten millions digit of 3061457510?
6
What is the tens digit of 27089967?
6
What is the hundreds digit of 13779417?
4
What is the tens digit of 1830930179?
7
What is the hundred thousands digit of 689703351?
7
What is the billions digit of 1128473172?
1
What is the tens digit of 17173542?
4
What is the tens digit of 33640288?
8
What is the ten millions digit of 42820392?
4
What is the ten millions digit of 21307962?
2
What is the hundreds digit of 561099601?
6
What is the ten millions digit of 1200268660?
0
What is the hundred thousands digit of 29558337?
5
What is the millions digit of 157668638?
7
What is the ten millions digit of 8897917577?
9
What is the millions digit of 66939176?
6
What is the tens digit of 80678010?
1
What is the hundred millions digit of 114671691?
1
What is the units digit of 1541174011?
1
What is the millions digit of 795358717?
5
What is the billions digit of 1355161616?
1
What is the ten millions digit of 360901610?
6
What is the units digit of 56371748?
8
What is the units digit of 2786230665?
5
What is the millions digit of 677117099?
7
What is the units digit of 10887423?
3
What is the hundred thousands digit of 21774801?
7
What is the millions digit of 330845665?
0
What is the millions digit of 114027279?
4
What is the ten thousands digit of 264126268?
2
What is the hundred millions digit of 130809652?
1
What is the thousands digit of 117217763?
7
What is the ten thousands digit of 75496368?
9
What is the millions digit of 71349119?
1
What is the hundreds digit of 282212406?
4
What is the hundreds digit of 524696247?
2
What is the thousands digit of 75994215?
4
What is the ten thousands digit of 166043209?
4
What is the units digit of 19935210?
0
What is the millions digit of 299307886?
9
What is the thousands digit of 74660064?
0
What is the hundred thousands digit of 808715611?
7
What is the tens digit of 1473052462?
6
What is the hundreds digit of 121221098?
0
What is the thousands digit of 242952168?
2
What is the millions digit of 26964047?
6
What is the ten thousands digit of 2460205887?
0
What is the hundred thousands digit of 28466416?
4
What is the units digit of 161342966?
6
What is the tens digit of 880624539?
3
What is the ten thousands digit of 31390141?
9
What is the billions digit of 1578153222?
1
What is the units digit of 2423358485?
5
What is the hundred thousands digit of 174586171?
5
What is the units digit of 381149085?
5
What is the hundred thousands digit of 1884354187?
3
What is the ten thousands digit of 49084216?
8
What is the ten thousands digit of 897342279?
4
What is the thousands digit of 288653561?
3
What is the units digit of 235043961?
1
What is the hundreds digit of 8330831?
8
What is the units digit of 1603762420?
0
What is the ten millions digit of 3053114642?
5
What is the hundred thousands digit of 766326901?
3
What is the hundred thousands digit of 842496067?
4
What is the millions digit of 45068969?
5
What is the millions digit of 2833808904?
3
What is the millions digit of 772834719?
2
What is the ten millions digit of 42205382?
4
What is the hundreds digit of 619273400?
4
What is the units digit of 216212480?
0
What is the ten thousands digit of 2552936244?
3
What is the thousands digit of 602753284?
3
What is the millions digit of 728660439?
8
What is the hundreds digit of 240613719?
7
What is the hundreds digit of 29292325?
3
What is the units digit of 578551266?
6
What is the tens digit of 38130160?
6
What is the hundred thousands digit of 36878062?
8
What is the units digit of 2398469?
9
What is the units digit of 6524022222?
2
What is the thousands digit of 21112415?
2
What is the hundred thousands digit of 729607651?
6
What is the hundreds digit of 52264760?
7
What is the hundred millions digit of 1130555084?
1
What is the ten thousands digit of 21028875?
2
What is the ten millions digit of 104364692?
0
What is the millions digit of 22539787?
2
What is the thousands digit of 7126892?
6
What is the hundred thousands digit of 1345333553?
3
What is the ten millions digit of 22477254?
2
What is the ten millions digit of 148421940?
4
What is the thousands digit of 5813949995?
9
What is the hundreds digit of 155933830?
8
What is the ten thousands digit of 28760717?
6
What is the ten millions digit of 227184083?
2
What is the tens digit of 1071734013?
1
What is the ten thousands digit of 1006379628?
7
What is the hundred millions digit of 1399834668?
3
What is the tens digit of 282937082?
8
What is the ten millions digit of 27526804?
2
What is the units digit of 94677809?
9
What is the thousands digit of 258128554?
8
What is the billions digit of 1449953754?
1
What is the tens digit of 541360930?
3
What is the hundreds digit of 77454300?
3
What is the millions digit of 88978070?
8
What is the ten millions digit of 989424766?
8
What is the millions digit of 2231264741?
1
What is the millions digit of 74395451?
4
What is the millions digit of 65577871?
5
What is the hundred thousands digit of 17707634?
7
What is the units digit of 467656325?
5
What is the hundred thousands digit of 60005380?
0
What is the ten thousands digit of 44968633?
6
What is the tens digit of 28648650?
5
What is the tens digit of 200513636?
3
What is the hundreds digit of 37900473?
4
What is the millions digit of 829644667?
9
What is the ten millions digit of 222571926?
2
What is the ten thousands digit of 188636194?
3
What is the hundred thousands digit of 160067010?
0
What is the ten thousands digit of 177129009?
2
What is the hundred millions digit of 755874721?
7
What is the hundreds digit of 93290470?
4
What is the ten thousands digit of 75938761?
3
What is the tens digit of 382746914?
1
What is the millions digit of 418681930?
8
What is the hundreds digit of 1960921140?
1
What is the hundreds digit of 402679359?
3
What is the tens digit of 920857065?
6
What is the millions digit of 606446798?
6
What is the units digit of 86949086?
6
What is the hundred thousands digit of 308493119?
4
What is the thousands digit of 112793431?
3
What is the millions digit of 440040823?
0
What is the thousands digit of 65046843?
6
What is the ten millions digit of 720731399?
2
What is the tens digit of 14736057?
5
What is the thousands digit of 46905725?
5
What is the tens digit of 975850?
5
What is the units digit of 115652238?
8
What is the ten millions digit of 78936513?
7
What is the thousands digit of 130111112?
1
What is the millions digit of 130850982?
0
What is the thousands digit of 77007598?
7
What is the hundred millions digit of 666943664?
6
What is the ten millions digit of 1904924150?
0
What is the thousands digit of 426839862?
9
What is the thousands digit of 134710509?
0
What is the hundred millions digit of 115534801?
1
What is the hundreds digit of 614698138?
1
What is the ten millions digit of 4676153965?
7
What is the tens digit of 9283969561?
6
What is the units digit of 1657434386?
6
What is the hundred thousands digit of 3729217721?
2
What is the thousands digit of 26880965?
0
What is the ten thousands digit of 607193294?
9
What is the thousands digit of 1122473692?
3
What is the ten millions digit of 2383627124?
8
What is the hundred thousands digit of 3268668?
2
What is the ten millions digit of 99668358?
9
What is the ten millions digit of 158117405?
5
What is the hundreds digit of 167333413?
4
What is the hundreds digit of 5157204?
2
What is the tens digit of 31674212?
1
What is the units digit of 11756